ose -4*a + 5 = r, -25 = -5*r - 2*a + 4*a. Suppose -3*y = 5*i - y - 8, 0 = -4*i + 3*y + 11. Suppose i*t = -0*n + n + 97, -r*n = -2*t + 109. Is t prime?
True
Let b(q) be the third derivative of -q**6/20 - q**5/12 + q**4/12 + 3*q**3/2 + 8*q**2. Is b(-4) prime?
False
Is (12895/(-2))/((-24)/48) a composite number?
True
Let h be (-1 - -2)/(2/328). Let u be ((-148)/6)/((-2)/(-9)). Let q = u + h. Is q prime?
True
Suppose -2*z + 7 = -1, 260 = 4*y + 5*z. Suppose i + 3*i = -12, 0 = -j + 5*i + y. Suppose -2*p = 3*v - 145, -v + j = -0*v + 4*p. Is v prime?
False
Suppose -5*i + 5*q - 5231 = -71, 3*q = 15. Is (-2)/5 - i/5 a prime number?
False
Suppose 5*s + 15 = -5*g, 2 + 1 = 4*s - g. Suppose 5*b = -3*x - 18 - s, -1 = 2*b - 5*x. Is 4/6 + (-61)/b a prime number?
False
Suppose -5*a - 3*h = -6, 2*a - a - h = 6. Suppose -a*f + 118 + 371 = 0. Is f a composite number?
False
Let a(u) = 126*u - 72. Let d(z) = z - 1. Let m(q) = a(q) - 72*d(q). Let f be m(2). Let p = 185 - f. Is p a composite number?
True
Let j(t) = -t**3 + 11*t**2 + 12*t - 3. Is j(9) prime?
False
Suppose 2*s - 6*s = -y - 31157, 4*y + 4 = 0. Is s a composite number?
False
Let x(v) = -5*v + 7. Let r be 14/4*2/(-1). Let d = -13 - r. Is x(d) a prime number?
True
Suppose 10*l - 22975 = 5*l. Is l a composite number?
True
Suppose -12*z + 5456 + 5692 = 0. Is z a prime number?
True
Let o(f) = 17*f + 11*f - 30*f + 6 + 6*f**2 - f**3. Let p = 5 - 0. Is o(p) composite?
True
Let b = -752 - -1279. Is b a composite number?
True
Let z = 9 - 8. Suppose 0 = t + 5*b + z, -2*t + 2*b = -7*t + 64. Is t a composite number?
True
Is (-1)/(-3) - (24564/(-18) - -4) prime?
True
Let t be (0 - (-582)/(-15))*-5. Suppose -2*h + t = -0*h. Is h a prime number?
True
Let l be 20/(-6)*615/(-5). Suppose 170 = 4*w - l. Is w a prime number?
False
Let r(v) = -4*v - 1 + 5*v + 5*v + 3*v**2. Let u be r(-5). Suppose -u = -4*m + b, -4*b + 9*b - 33 = -3*m. Is m prime?
True
Suppose 2*v - 6*v - k + 153 = 0, -149 = -4*v + 3*k. Is v prime?
False
Suppose 395 + 29 = 4*j. Is (2 - 0) + j/2 prime?
False
Is 0 + (195 - (2 - 6)) composite?
False
Suppose 5*b - 24866 = -5*w - 1636, 0 = w + 5*b - 4650. Is w a composite number?
True
Suppose 9*s + 10715 - 25628 = 0. Is s prime?
True
Suppose -4*b = -t + 11 - 1, 0 = -t + b - 5. Is 424/20 + 2/t a composite number?
True
Let s(k) = -4*k**3 + 2*k**2 + k + 2. Let i be s(-2). Suppose 4 = 4*u - i. Is u a prime number?
True
Let j(z) = 49*z - 8. Is j(3) a composite number?
False
Let z be (-1)/2*-2*79. Suppose -4*s + z = -105. Is s a prime number?
False
Suppose -4*o + p + 2832 = -o, -3*o + 5*p = -2844. Is o composite?
True
Suppose -n - 3 = -3*z + 2*z, 3*n = 0. Suppose -5*l = 5*j + 310, 2*l - 156 = z*j - l. Let r = -35 - j. Is r a prime number?
False
Let w(c) = 2*c**2 - c + 1. Suppose -4*i = -7*i - 6. Is w(i) prime?
True
Let u be ((-8)/10)/((-24)/(-1500)). Is (-4860)/u + (-1)/5 prime?
True
Suppose 0*z + 3*q = 5*z - 1474, 0 = -5*z + 4*q + 1477. Is z prime?
True
Let w(g) = -g**3 + 2*g**2 + 4*g. Let p be w(3). Let v = 6 + -2. Suppose 3*l + 3*a - 6 = 0, -3*a + 26 = p*l - v*a. Is l a prime number?
True
Let f(s) = s**2 - 6*s + 5. Let w be f(6). Suppose 3*n - 2 = 1, 0 = 2*g + w*n - 35. Suppose 3*t - g = -5*k, 0*t - 1 = 4*k + 5*t. Is k a prime number?
False
Suppose 5*f - 1 - 19 = 0. Suppose 3*j = 6, 79 = 4*u - f*j - 197. Is u composite?
False
Suppose 6*c - 10*c + 8612 = 0. Is c a prime number?
True
Suppose 19*w = 11*w + 17224. Is w prime?
True
Suppose -3*u = 4*m - 1078, -2*m - 342 = -u + m. Is 2/8 - u/(-24) prime?
False
Suppose -5*m + 112 = -2*d - 4, -57 = -3*m - 3*d. Suppose m + 31 = u. Is u a composite number?
False
Let k be 0/((-1 - 0)*2). Suppose k*r + r = -2. Is (8/6)/(r/(-3)) prime?
True
Suppose 452 = 65*w - 61*w. Is w a composite number?
False
Let j(p) = 3 + 2 + 35*p + 76*p. Is j(4) composite?
False
Suppose -2 - 3 = -u. Is 80 + 5/(u/3) composite?
False
Suppose -4*v + 544 = -132. Is v a composite number?
True
Suppose -3*d - 17 + 2 = 0. Let t(p) = -34*p + 7. Is t(d) a composite number?
True
Let o(c) = -207*c + 1. Let v be o(3). Let m = -82 - v. Is m prime?
False
Suppose 5*h = -7 - 23. Let r = 11 + h. Suppose r*y = -15, -3*a = -2*y - 4 - 47. Is a a prime number?
False
Suppose -3*n - 546 = -5*u + 3061, 5*u - 3591 = -n. Is u prime?
True
Let d(g) be the second derivative of g**4/12 + g**3/2 + 13*g**2/2 + 2*g. Is d(-9) composite?
False
Let h = 7 + -7. Suppose -o + 3*o - 111 = -5*y, y - 3*o - 29 = h. Is y prime?
True
Suppose 3*w - 12 = w. Let y be (1270/(-4))/(1/(-2)). Suppose 5*j = -o + 127, o - j + y = w*o. Is o composite?
False
Suppose 0*w - 2*w + 446 = 0. Is w a composite number?
False
Let f = 232 + -105. Is f a prime number?
True
Let k(v) = -6*v + 9. Let f(g) = -3*g + 4. Let c(w) = 5*f(w) - 2*k(w). Is c(-7) a composite number?
False
Suppose -5*f + 433 = -4*q, f + 0*q = -2*q + 95. Is f composite?
False
Let t be (-144)/30 - (-1)/(-5). Let d(p) = 13*p**2 + 3*p - 3. Is d(t) a composite number?
False
Suppose -4*g - q = q - 256, -191 = -3*g - 2*q. Is g a composite number?
True
Suppose -4*k - 133 = -r, 2*k = -5 - 5. Is r a prime number?
True
Suppose 7 = -3*k + 5*f - 0, -3*f - 3 = 0. Let b(g) = -11*g - 2. Let w be b(k). Suppose 0 = -2*y + 6*y - q - 84, -w = -2*y + 4*q. Is y composite?
True
Suppose -2*w = 3*c - 1, -5*w + c - 2*c + 9 = 0. Let t(o) = -o**2 + 2*o - 1. Let s be t(w). Is -13*(-2 - -3)/s composite?
False
Let u(w) = w**3 - 7*w - 4. Let f be u(-5). Let c = f + 305. Is c a composite number?
False
Suppose -t + 177 = 2*t. Is t a composite number?
False
Suppose -4*b = -6*b + 2270. Is b a prime number?
False
Let t(u) = 72*u + 22. Is t(5) a composite number?
True
Let r = 458 + -183. Let k = -182 + r. Is k a composite number?
True
Let b(v) = -v**2 + v + 2. Let a be b(4). Suppose 13 = 5*g + 238. Let x = a - g. Is x a prime number?
False
Suppose -u - 4*v = 4*u - 35, 5*u - 4*v + 5 = 0. Suppose -4*d + u*y = -105 - 85, 53 = d + 2*y. Is d prime?
False
Let d(f) = 2*f**3 + 6*f**2 - 5*f + 7. Is d(4) prime?
True
Let p(x) be the second derivative of -x**4/12 + 5*x**3/3 + 5*x**2 - 41*x. Let n = 17 - 9. Is p(n) a prime number?
False
Is (794/8)/((-10)/(-120)) a prime number?
False
Suppose 4 = 4*c - 0. Is c*(-307)/2*-2 composite?
False
Suppose 5*p - 9002 = 1773. Is p composite?
True
Let o be (-4)/(-4 + 2) - 1. Is (-249)/9*-3*o a prime number?
True
Suppose -4*a - 14 = f, -2*f - 6 = -0*f - 3*a. Let u = -4 - f. Suppose 2*q - 5*v - 64 = 0, -7*v = -q - u*v + 27. Is q a prime number?
True
Suppose -5*b - 3*u + 1474 = 0, 2*b - 2*u = 76 + 504. Is b prime?
True
Let p(g) = -2*g**3 - 4*g**2 + 2*g - 5. Suppose -3*x = -62 + 2. Suppose -4*a - a - x = 0. Is p(a) a composite number?
True
Suppose 2*q = -3*o - 36, 0*q - 54 = 3*q - 4*o. Let g = 40 + q. Is g prime?
False
Let j(o) = o**3 - 6*o**2 + 4*o + 6. Let s be j(5). Let p(b) = -2*b**2 - 38*b**3 + 4*b**2 + 90*b**3 - 4 + 3. Is p(s) prime?
True
Let o(f) be the second derivative of 9*f**4/4 + f**3/3 - 2*f**2 + 5*f. Is o(-3) prime?
True
Suppose 0 = -3*r + 448 + 1358. Suppose 0 = 2*y - 50 - r. Is y composite?
True
Suppose -d = -3*v - 436 + 17, 2095 = 5*d + 2*v. Is d composite?
False
Suppose k - 2*k + 6 = 0. Let q be k/((-3)/6*-4). Suppose 3*m = r + 4*m - 12, -r + q*m = -20. Is r composite?
True
Let c = -72 + 233. Is c a composite number?
True
Let u(j) = -4*j + 9. Is u(-12) composite?
True
Suppose -2484 = 5*b - 8409. Let l = -814 + b. Suppose l + 256 = 3*k. Is k a composite number?
True
Let z be 6/8 + 1377/36. Suppose -293 = -5*w + y, -83 - z = -2*w + 2*y. Is w a prime number?
False
Let a(d) = 9*d**3 - 2*d**2 + 2*d - 1. Let y(h) = h**2 - 10*h + 11. Let o be y(9). Is a(o) composite?
False
Suppose -2*n = 3*t - 0*t - 1439, -960 = -2*t - n. Is t composite?
True
Suppose -3*d = -3*x + 24, 3*x - d = 12 + 6. Suppose -2*m = -4*b - 110, 3*m + 5*b = x*m - 108. Is m composite?
False
Let v be 42/(12/(-4))*1. Let w(x) = -9*x - 20. Is w(v) a composite number?
True
Let h(z) = -5*z - 2. Let n(q) = -6*q - 1. Let p(k) = -5*h(k) + 4*n(k). Is p(0) a composite number?
True
Suppose 45 + 3 = -3*s. Let x = -9 - s. Is x prime?
True
Let q = 1765 - 822. Is q a prime number?
False
Suppose -6*f - 2*f = -20632. Is f prime?
True
Suppose 0 = 2*c + 2051 + 235. Is (1/3)/((-3)/c) a composite number?
False
Suppose 6*l - 854 - 124 = 0. Is l a prime number?
T